 0, -u*t = -z - 13*t + 1175. What is the tens digit of z?
8
What is the thousands digit of 1830767/292 - ((-5)/4 + 0)?
6
Let i(p) be the third derivative of 29*p**4/12 + p**3/3 - 27*p**2. What is the hundreds digit of i(2)?
1
Let q(d) = 5*d**2 - 33*d - 1238. What is the hundreds digit of q(82)?
6
Let w(v) = -4*v**2 + 19*v - 25. Let z(f) = f**2 - 1. Let m(o) = -w(o) - z(o). Let i be m(11). Let n = i - 103. What is the units digit of n?
7
Let o = 182 - 209. What is the hundreds digit of ((-5360)/(-30))/(6/o*-3)?
2
Let n(a) = -a - 3. Let f(b) = 65*b - 27. Let u(w) = -f(w) + 5*n(w). What is the units digit of u(-11)?
2
Let b(g) = -g + 9*g**2 + 10*g**2 - 14*g**2 - 3 + 2*g. Let i be b(-5). Suppose i = x + 29. What is the tens digit of x?
8
Suppose -4*j + 4*k - 9 = 11, -j - 3*k = -15. Suppose -2*d - 9*h = -10*h - 1119, j = -3*d - 2*h + 1696. What is the tens digit of d?
6
Let d(m) = 2*m**2 + 16*m - 11. Let s(l) = -5*l**2 - 48*l + 34. Let z(k) = -8*d(k) - 3*s(k). Let t be z(15). What is the hundreds digit of (t*-232)/(4/(-2))?
1
Let t(j) = 3*j**2 - 15*j + 1. Let g be t(6). Suppose -5*h - g = -4, 854 = 4*r + 2*h. What is the tens digit of r?
1
Let g(n) = 3*n**2 + 5*n - 5. Let l be g(1). Suppose 687 = l*q - 102. What is the units digit of q?
3
Let v = 4399 - 779. Let n = v + -1874. What is the thousands digit of n?
1
Suppose 0 = -5*d - 363 + 1393. Let s = d + 211. What is the hundreds digit of s?
4
Suppose 3 = t, p - 5*t = 999 + 233. Let u = p + -430. What is the hundreds digit of u?
8
Let q = -38659 - -65456. What is the thousands digit of q?
6
Let y(v) = 25*v**2 + 47*v + 24. What is the units digit of y(-13)?
8
Suppose 21*s = 16*s + 25300. Suppose -4*m + s = 4*d, 2*m - 7*m + 3*d + 6341 = 0. What is the thousands digit of m?
1
Suppose 28*y + 41*y = 529898 + 225238. What is the hundreds digit of y?
9
Let y = 15 + -11. Let i be y + (0 - (2 - 1)). Suppose -x = -i - 65. What is the tens digit of x?
6
Let j = 6716 + -905. What is the units digit of j?
1
Suppose -16*m - 7*m + 2024 = 0. Let k = m - -391. What is the units digit of k?
9
Suppose -500 = 4*r - 9*r. Let c = -379 + 534. Let w = c - r. What is the tens digit of w?
5
Suppose 5*w + 25 = 0, -47*l - 176398 = -51*l + 2*w. What is the tens digit of l?
9
Suppose 2*i = 4*a + 78640, 2*i + 5*a - 63209 - 15368 = 0. What is the thousands digit of i?
9
Suppose 0 = 7*p + 6237 - 22211. Suppose p = 4*v - 2*g, -9*v + g = -6*v - 1712. What is the hundreds digit of v?
5
Let q = 47587 - 24107. What is the hundreds digit of q?
4
Suppose 0 = -4*w, -4*x + 2*x = -5*w + 8. Let b(q) = -23*q + 8. Let l be b(x). Suppose 0 = -14*m + 12*m + l. What is the tens digit of m?
5
Let h(s) = -15*s**3 - s**2 + 2*s + 15. Let j(p) = 13*p**3 - 3*p - 16. Let z(m) = -4*h(m) - 3*j(m). Let r be (-7 - -3)*(-1)/2. What is the tens digit of z(r)?
7
Suppose 0 = -22*n + 26*n - 1588. Suppose -4*p - 27 = -4*t + 481, 3*p + n = -5*t. Let q = p + 207. What is the tens digit of q?
7
Suppose -37*v - 15*v + 558090 = -7*v. What is the thousands digit of v?
2
Suppose 3369 = 54*v + 453. Let g(h) = 9*h**2 - 2*h - 2. Let j be g(2). Suppose 33*p = j*p + v. What is the units digit of p?
8
What is the thousands digit of ((-24)/(-14))/((-20)/(-4) + 114969/(-22995))?
6
Let y(d) = -d**3 - 42*d**2 - 5*d - 55. Let v be y(-42). Suppose -97 = -x + v. What is the tens digit of x?
5
Suppose -l = g + 130, l = -5*g - 663 - 7. Let a = g + 271. What is the hundreds digit of a?
1
Let l = 184 - 179. Suppose -u + l*z = -16 - 50, -262 = -3*u - z. What is the units digit of u?
6
Let r(o) = 5*o**3 - 5*o**2 + o - 2. Let d be r(2). Let g(a) = d - 54*a + 107*a - 54*a. What is the units digit of g(-11)?
1
Let x be (2525/(-20))/((-1)/(-40)*-1). Suppose x = 11*d - 351. What is the tens digit of d?
9
Suppose -353*d + 268553 = -322*d. What is the hundreds digit of d?
6
Let s(t) = -t**3 - 8*t**2 - t + 9. Let u be s(-8). Let p = u - -55. What is the tens digit of p?
7
Let u = -426 + 656. Suppose 5*p + u = 1585. What is the hundreds digit of p?
2
Suppose -o + 114511 = 4*o - 3*a, -5*a + 114495 = 5*o. What is the thousands digit of o?
2
Suppose 40 = 5*p + 60. What is the units digit of -1 + (-5 - p) + 221?
9
Let i(d) = -d**2 + 172*d + 247. What is the tens digit of i(62)?
6
Suppose 9*h - 18*h = -18. Let k(n) = 211*n**3 + 7 - 212*n**3 + 3*n - 18 + 10*n**h + n. What is the hundreds digit of k(5)?
1
Let j = -68 + 90. Suppose -v + 424 = -j. What is the tens digit of v?
4
Let z = -147 + 111. Let n be 123/((-6)/z*3). Suppose 2*o - 3*h - 242 = 0, o + o - 4*h = n. What is the tens digit of o?
1
What is the tens digit of (-2)/(-8) - (-9 + (-6334)/8 + 13)?
8
Let b = -34993 - -51248. What is the units digit of b?
5
Suppose 4*a + 5*y - 241 = a, 333 = 4*a - 5*y. Let w = a + -83. What is the units digit of w + 6/5 + (-45)/(-25)?
2
Let u be (8/(-22))/2 - (-79)/11. Suppose -2*d = -u*g + 4*g + 20, 1 = g + 5*d. Suppose 0 = -g*s + 10*s - 96. What is the units digit of s?
4
What is the units digit of 2929 - (-15)/(-10)*(-2 + 4)?
6
Suppose -12*u = u - 689. Let c(h) = 56 - 121 - 16*h + u. What is the units digit of c(-4)?
2
Suppose -5*n + 5*b = -107040 - 44900, 0 = -3*b - 15. What is the hundreds digit of n?
3
Suppose 5*w + 13306 = 3*h, 114*h - 110*h + 4*w = 17784. What is the thousands digit of h?
4
Let q = -40 + 43. Let b be (38/q)/(5/60). Suppose 2*j = -4*h + 4*j + b, 43 = h - 3*j. What is the units digit of h?
7
Suppose 3*h + 40*v = 36*v - 707, -4*h - 921 = v. Let m = h + 567. What is the hundreds digit of m?
3
Suppose -145*y - 122654 = -290*y + 143*y. What is the hundreds digit of y?
3
Suppose 3*i - 3*a - 4 = 8, 0 = -3*i - 4*a + 47. Let k(j) = 2*j**2 + 2*j - 12. What is the units digit of k(i)?
8
Suppose 12*z = 20632 + 8696. Suppose -z = -31*x + 3322. What is the hundreds digit of x?
1
Suppose -15*h + 11*h - 268146 = -10*u, 2*u - 53606 = -5*h. What is the ten thousands digit of u?
2
Let o be 16*((-539)/28)/(-7). Suppose 2*f = o + 42. What is the tens digit of f?
4
Suppose -6*b = -15*b. Suppose 4*d + 1440 = k + 4*k, -5*d = b. What is the hundreds digit of k?
2
Let s(g) = -2*g**2 + 60*g - 32. Let l be s(20). Let z = l + 1466. What is the hundreds digit of z?
8
Let p = -3630 + 10224. What is the units digit of p?
4
Suppose -19*z = -4*z - 10560. Suppose -3*l = -7*l + z. Let j = l - 24. What is the units digit of j?
2
Let x(y) = -5 + 9*y**2 + 9 - 3*y**2 + 1 + 5*y. What is the tens digit of x(-5)?
3
Let d(u) = -466*u + 700. What is the hundreds digit of d(-7)?
9
Let y(j) = j**3 + j + 20. Let d be y(0). Let m(f) = f**3 - 21*f**2 + 15*f + 7. Let z be m(d). Let p = 286 + z. What is the hundreds digit of p?
1
Let z(h) = 2*h**3 + 35*h**2 + 4*h - 14. Let x be z(-10). Suppose -369 = 3*n - x. What is the units digit of n?
9
Suppose -12*t - 18 = -9*t. Let y be (t/(-9))/((-1)/(-3)). What is the hundreds digit of ((1256/6)/2)/(y/3)?
1
Suppose -5*b - 5*v = -145, b + v = -3*v + 41. Let j = -65 + b. What is the tens digit of (-15)/5 - -2 - j?
3
Suppose 4*y + 94 = 114. Suppose 3*j - 1168 = -2*i, 3*j - 4*j - 2920 = -y*i. What is the hundreds digit of i?
5
Let m(u) be the second derivative of u**5/12 - 3*u**4/8 + 3*u**3/2 - 7*u**2/2 - 21*u. Let g(v) be the first derivative of m(v). What is the tens digit of g(6)?
3
Let x be 20/(-8)*(-24288)/60. Suppose 2*y + 4*n = 1570, 0 = 4*y - 3*n - 2095 - x. What is the tens digit of y?
7
Let b(d) = d**3 + 4*d**2 + 7*d + 1. Let o be b(-3). Let f = o - -5. What is the tens digit of 4/f + (-1120)/(-60)?
1
What is the units digit of 109/(((-68)/(-17))/44)?
9
Let s = -23 + 33. Suppose -s = 2*g - 208. What is the units digit of (1 + -3)*g/(-18)?
1
Let c(y) = -y**3 - 7*y**2 + 8*y + 29. Let j(t) = t**3 + 7*t**2 - 9*t - 26. Let r(a) = 3*c(a) + 2*j(a). What is the tens digit of r(-8)?
5
Let g = 62975 + -35748. What is the ten thousands digit of g?
2
Let x = 3306 + 14532. What is the tens digit of x?
3
Let z(q) = 12*q**2 - q - 15. Let m(j) = 3*j**2 - 22*j - 11. Let i be m(8). What is the tens digit of z(i)?
8
Let h(m) = m**2 - 9*m + 2. Let g be h(8). Let l be g + 245/42 - 218/(-12). Suppose 0 = -l*z + 13*z + 175. What is the tens digit of z?
3
Suppose 12*h = 3*h + 162. Let n = h - 7. Suppose 0 = n*c - 1288 - 76. What is the hundreds digit of c?
1
Let w = 6812 - -10602. What is the thousands digit of w?